s the hundred thousands digit of 905006988?
0
What is the hundred thousands digit of 44377982?
3
What is the hundred thousands digit of 1432459407?
4
What is the tens digit of 996587334?
3
What is the ten millions digit of 313486754?
1
What is the units digit of 4150837176?
6
What is the units digit of 2806623969?
9
What is the ten millions digit of 976362721?
7
What is the hundreds digit of 266314612?
6
What is the ten millions digit of 51444955?
5
What is the thousands digit of 1934159953?
9
What is the ten thousands digit of 56449279?
4
What is the ten millions digit of 1193904482?
9
What is the thousands digit of 89879613?
9
What is the hundred millions digit of 140687547?
1
What is the hundreds digit of 9240103?
1
What is the hundreds digit of 736590997?
9
What is the units digit of 762222022?
2
What is the millions digit of 4892002?
4
What is the thousands digit of 60230581?
0
What is the thousands digit of 54051290?
1
What is the tens digit of 4996845?
4
What is the hundred millions digit of 430376748?
4
What is the tens digit of 375219058?
5
What is the ten thousands digit of 267663711?
6
What is the tens digit of 1039808120?
2
What is the thousands digit of 220472202?
2
What is the thousands digit of 174423320?
3
What is the thousands digit of 224667272?
7
What is the hundred thousands digit of 421601741?
6
What is the billions digit of 1126317724?
1
What is the hundred millions digit of 1890148387?
8
What is the tens digit of 3531658798?
9
What is the ten thousands digit of 384491948?
9
What is the millions digit of 118323822?
8
What is the ten millions digit of 145865170?
4
What is the hundred thousands digit of 24936158?
9
What is the ten thousands digit of 1808696529?
9
What is the hundred millions digit of 139132519?
1
What is the units digit of 269105747?
7
What is the hundred thousands digit of 1256934065?
9
What is the hundreds digit of 9599374?
3
What is the hundred millions digit of 947006438?
9
What is the millions digit of 9047641?
9
What is the hundreds digit of 6387908444?
4
What is the units digit of 8648420?
0
What is the ten thousands digit of 138468955?
6
What is the thousands digit of 561894899?
4
What is the hundreds digit of 20503047?
0
What is the millions digit of 613576090?
3
What is the tens digit of 29189307?
0
What is the hundred thousands digit of 3366825586?
8
What is the thousands digit of 1364630690?
0
What is the millions digit of 1188963111?
8
What is the units digit of 250957918?
8
What is the hundred thousands digit of 35603441?
6
What is the ten millions digit of 439745591?
3
What is the tens digit of 77614152?
5
What is the hundred millions digit of 1122204871?
1
What is the thousands digit of 257761784?
1
What is the millions digit of 28124680?
8
What is the ten thousands digit of 5569585?
6
What is the hundreds digit of 325376452?
4
What is the thousands digit of 91096747?
6
What is the hundred thousands digit of 80011325?
0
What is the ten thousands digit of 762947768?
4
What is the ten millions digit of 20401419?
2
What is the millions digit of 87692649?
7
What is the millions digit of 1565282?
1
What is the ten thousands digit of 4164585184?
8
What is the thousands digit of 50476311?
6
What is the millions digit of 3644866?
3
What is the hundred thousands digit of 150333282?
3
What is the millions digit of 6646608?
6
What is the millions digit of 153634683?
3
What is the tens digit of 1950481595?
9
What is the hundreds digit of 144959942?
9
What is the millions digit of 35140106?
5
What is the thousands digit of 46001478?
1
What is the hundred thousands digit of 59443227?
4
What is the hundreds digit of 231849316?
3
What is the millions digit of 156852514?
6
What is the units digit of 15707836?
6
What is the ten millions digit of 62286819?
6
What is the millions digit of 499549561?
9
What is the tens digit of 2360679?
7
What is the tens digit of 20694547?
4
What is the billions digit of 4958300549?
4
What is the hundred millions digit of 4932216119?
9
What is the ten millions digit of 109593749?
0
What is the ten millions digit of 689845459?
8
What is the units digit of 955370954?
4
What is the ten millions digit of 32231194?
3
What is the tens digit of 151185554?
5
What is the tens digit of 647405194?
9
What is the ten millions digit of 916644352?
1
What is the ten thousands digit of 31747728?
4
What is the units digit of 3082631230?
0
What is the hundred millions digit of 1080735325?
0
What is the hundred thousands digit of 274995723?
9
What is the hundreds digit of 394184795?
7
What is the thousands digit of 104708994?
8
What is the thousands digit of 19896343?
6
What is the millions digit of 35693940?
5
What is the tens digit of 4772779?
7
What is the billions digit of 1224221545?
1
What is the thousands digit of 47068021?
8
What is the ten thousands digit of 74012083?
1
What is the ten millions digit of 342638890?
4
What is the hundred millions digit of 133565205?
1
What is the tens digit of 26964213?
1
What is the units digit of 206024198?
8
What is the units digit of 70752070?
0
What is the tens digit of 64439584?
8
What is the hundred thousands digit of 50283736?
2
What is the ten thousands digit of 21638032?
3
What is the hundred thousands digit of 46916699?
9
What is the units digit of 1000866358?
8
What is the units digit of 98971523?
3
What is the hundred thousands digit of 26915407?
9
What is the hundreds digit of 1980714616?
6
What is the hundred thousands digit of 6979017494?
0
What is the hundred thousands digit of 64004694?
0
What is the ten thousands digit of 70940728?
4
What is the thousands digit of 6016757?
6
What is the millions digit of 1136444482?
6
What is the billions digit of 3859429419?
3
What is the ten thousands digit of 1530286075?
8
What is the thousands digit of 1182390?
2
What is the ten millions digit of 391116435?
9
What is the millions digit of 75580364?
5
What is the hundreds digit of 246514258?
2
What is the hundreds digit of 209541795?
7
What is the millions digit of 75907638?
5
What is the hundred thousands digit of 82471419?
4
What is the hundred thousands digit of 36441188?
4
What is the hundred thousands digit of 403555825?
5
What is the ten millions digit of 117928375?
1
What is the millions digit of 7190059?
7
What is the tens digit of 79406173?
7
What is the hundred millions digit of 1623899119?
6
What is the millions digit of 314801425?
4
What is the hundred thousands digit of 744869716?
8
What is the units digit of 109824530?
0
What is the hundred millions digit of 196928718?
1
What is the thousands digit of 75269544?
9
What is the tens digit of 66207511?
1
What is the units digit of 3019504578?
8
What is the ten millions digit of 1725043293?
2
What is the hundreds digit of 62992369?
3
What is the units digit of 107096420?
0
What is the hundreds digit of 321962337?
3
What is the millions digit of 42302742?
2
What is the units digit of 864088162?
2
What is the ten millions digit of 356208253?
5
What is the ten millions digit of 1980758079?
8
What is the tens digit of 5881083078?
7
What is the hundreds digit of 7471158209?
2
What is the ten thousands digit of 5876877?
7
What is the units digit of 3686501434?
4
What is the millions digit of 398623437?
8
What is the ten thousands digit of 73226872?
2
What is the hundreds digit of 5027829?
8
What is the tens digit of 28119343?
4
What is the thousands digit of 16242504?
2
What is the ten thousands digit of 74442800?
4
What is the hundreds digit of 39307234?
2
What is the ten millions digit of 94144912?
9
What is the millions digit of 50069470?
0
What is the tens digit of 1075583597?
9
What is the hundred millions digit of 174503594?
1
What is the thousands digit of 153438486?
8
What is the tens digit of 551573668?
6
What is the ten millions digit of 169430510?
6
What is the ten millions digit of 892169052?
9
What is the ten thousands digit of 105051938?
5
What is the ten millions digit of 298631174?
9
What is the units digit of 54986738?
8
What is the tens digit of 704912149?
4
What is the ten thousands digit of 828965627?
6
What is the hundred thousands digit of 3902515914?
5
What is the hundred millions digit of 3220911133?
2
What is the hundred thousands digit of 372631160?
6
What is the units